 1269 is divided by 518.
233
What is the remainder when 589 is divided by 281?
27
What is the remainder when 253768 is divided by 27?
22
Calculate the remainder when 74780 is divided by 78.
56
Calculate the remainder when 4153 is divided by 70.
23
Calculate the remainder when 658717 is divided by 179.
176
Calculate the remainder when 11027 is divided by 679.
163
Calculate the remainder when 96426 is divided by 24103.
14
What is the remainder when 6608 is divided by 236?
0
What is the remainder when 110440 is divided by 55183?
74
What is the remainder when 4081 is divided by 154?
77
Calculate the remainder when 31329 is divided by 6.
3
What is the remainder when 531667 is divided by 92?
91
Calculate the remainder when 6694 is divided by 181.
178
What is the remainder when 93186 is divided by 252?
198
Calculate the remainder when 1968 is divided by 955.
58
Calculate the remainder when 1753 is divided by 466.
355
What is the remainder when 8575 is divided by 2813?
136
What is the remainder when 387573 is divided by 21?
18
Calculate the remainder when 283208 is divided by 635.
633
Calculate the remainder when 27334 is divided by 24.
22
What is the remainder when 54651 is divided by 9105?
21
What is the remainder when 3316 is divided by 419?
383
What is the remainder when 373311 is divided by 19?
18
What is the remainder when 274 is divided by 160?
114
What is the remainder when 879 is divided by 115?
74
Calculate the remainder when 620774 is divided by 104.
102
Calculate the remainder when 41003 is divided by 204.
203
What is the remainder when 2962 is divided by 523?
347
Calculate the remainder when 4582 is divided by 100.
82
Calculate the remainder when 32525 is divided by 851.
187
Calculate the remainder when 1191 is divided by 485.
221
What is the remainder when 17911 is divided by 1377?
10
Calculate the remainder when 74054 is divided by 322.
316
What is the remainder when 30920 is divided by 21?
8
Calculate the remainder when 12877 is divided by 140.
137
What is the remainder when 233335 is divided by 1679?
1633
What is the remainder when 20084 is divided by 4823?
792
What is the remainder when 3944 is divided by 128?
104
What is the remainder when 5795 is divided by 450?
395
What is the remainder when 8261 is divided by 1529?
616
Calculate the remainder when 4165 is divided by 494.
213
Calculate the remainder when 241421 is divided by 15.
11
Calculate the remainder when 1321 is divided by 577.
167
What is the remainder when 4454187 is divided by 423?
420
Calculate the remainder when 1755 is divided by 44.
39
Calculate the remainder when 11408 is divided by 5703.
2
What is the remainder when 10039 is divided by 3271?
226
Calculate the remainder when 769043 is divided by 256344.
11
Calculate the remainder when 2088 is divided by 54.
36
Calculate the remainder when 18212 is divided by 230.
42
What is the remainder when 188185 is divided by 1415?
1405
Calculate the remainder when 416352 is divided by 54.
12
Calculate the remainder when 81667 is divided by 81661.
6
What is the remainder when 1700 is divided by 71?
67
Calculate the remainder when 1272 is divided by 66.
18
Calculate the remainder when 2452 is divided by 788.
88
Calculate the remainder when 6547 is divided by 126.
121
What is the remainder when 21771 is divided by 7183?
222
Calculate the remainder when 58011 is divided by 233.
227
What is the remainder when 37457 is divided by 9?
8
Calculate the remainder when 1179 is divided by 84.
3
Calculate the remainder when 75378 is divided by 877.
833
Calculate the remainder when 1365 is divided by 268.
25
Calculate the remainder when 21041 is divided by 183.
179
Calculate the remainder when 17530 is divided by 262.
238
Calculate the remainder when 65111 is divided by 700.
11
What is the remainder when 217 is divided by 70?
7
Calculate the remainder when 24797 is divided by 451.
443
What is the remainder when 22440 is divided by 2?
0
What is the remainder when 13803 is divided by 164?
27
Calculate the remainder when 3801334 is divided by 357.
355
What is the remainder when 12750 is divided by 15?
0
Calculate the remainder when 2106 is divided by 2025.
81
Calculate the remainder when 226493 is divided by 103.
99
What is the remainder when 129203 is divided by 873?
872
What is the remainder when 24304 is divided by 2696?
40
What is the remainder when 599 is divided by 449?
150
Calculate the remainder when 210170 is divided by 42.
2
Calculate the remainder when 1284440 is divided by 756.
752
What is the remainder when 35011 is divided by 1842?
13
What is the remainder when 4744 is divided by 3?
1
Calculate the remainder when 328669 is divided by 8016.
13
What is the remainder when 189302 is divided by 5736?
14
What is the remainder when 27470 is divided by 103?
72
What is the remainder when 31579 is divided by 33?
31
Calculate the remainder when 121412 is divided by 6387.
59
What is the remainder when 123990 is divided by 69?
66
What is the remainder when 32513 is divided by 83?
60
Calculate the remainder when 851 is divided by 25.
1
Calculate the remainder when 1087195 is divided by 1966.
1963
Calculate the remainder when 17983 is divided by 17951.
32
Calculate the remainder when 1706 is divided by 653.
400
What is the remainder when 234466 is divided by 54?
52
Calculate the remainder when 20698 is divided by 180.
178
Calculate the remainder when 5694 is divided by 1884.
42
What is the remainder when 333029 is divided by 166492?
45
Calculate the remainder when 757912 is divided by 145.
142
Calculate the remainder when 43905 is divided by 68.
45
Calculate the remainder when 10091 is divided by 31.
16
What is the remainder when 127097 is divided by 1790?
7
What is the remainder when 1956 is divided by 382?
46
What is the remainder when 12424 is divided by 501?
400
Calculate the remainder when 34112 is divided by 60.
32
What is the remainder when 8117 is divided by 232?
229
Calculate the remainder when 2965 is divided by 2734.
231
What is the remainder when 87893 is divided by 64?
21
Calculate the remainder when 16908 is divided by 5389.
741
What is the remainder when 186758 is divided by 845?
13
What is the remainder when 42370 is divided by 109?
78
Calculate the remainder when 7199 is divided by 3593.
13
What is the remainder when 276754 is divided by 296?
290
Calculate the remainder when 668 is divided by 164.
12
Calculate the remainder when 28426 is divided by 1353.
13
Calculate the remainder when 418819 is divided by 487.
486
Calculate the remainder when 19106 is divided by 105.
101
Calculate the remainder when 58588 is divided by 93.
91
Calculate the remainder when 20128 is divided by 2862.
94
Calculate the remainder when 73777 is divided by 620.
617
What is the remainder when 20046 is divided by 229?
123
What is the remainder when 430278 is divided by 14837?
5
What is the remainder when 320466 is divided by 53411?
0
What is the remainder when 1011 is divided by 18?
3
Calculate the remainder when 29256 is divided by 212.
0
What is the remainder when 5962 is divided by 1191?
7
What is the remainder when 27926 is divided by 27917?
9
Calculate the remainder when 488 is divided by 63.
47
Calculate the remainder when 1622 is divided by 424.
350
What is the remainder when 69910 is divided by 463?
460
Calculate the remainder when 1126991 is divided by 986.
979
What is the remainder when 13933 is divided by 168?
157
Calculate the remainder when 6961 is divided by 1699.
165
Calculate the remainder when 110030 is divided by 18.
14
Calculate the remainder when 137004 is divided by 235.
234
Calculate the remainder when 415437 is divided by 4.
1
What is the remainder when 75981 is divided by 37985?
11
Calculate the remainder when 25075 is divided by 12463.
149
What is the remainder when 13386 is divided by 580?
46
Calculate the remainder when 131317 is divided by 335.
332
Calculate the remainder when 263142 is divided by 33.
0
Calculate the remainder when 90726 is divided by 23.
14
Calculate the remainder when 26325 is divided by 88.
13
Calculate the remainder when 46963 is divided by 46922.
41
What is the remainder when 924 is divided by 507?
417
What is the remainder when 370484 is divided by 44?
4
Calculate the remainder when 8090 is divided by 